.
3
Let l(k) = -2*k**2 + 19*k - 45. Let y be l(12). Suppose c - 63 = 37. Let s = c + y. Let r(p) = 2*p**2 + 8*p + 5. Calculate r(s).
15
Let z(o) = o**3 - 6*o**2 - 8*o + 4. Let q be (0/(-3))/(-4) - 1 - -3. Suppose 0 = 5*b - 2*r - 29, q*r = -39*b + 41*b - 8. Determine z(b).
-3
Suppose d = -3*f + 75, -f - 64 = -3*f + 4*d. Let x(k) = -f + 9 + 2*k - 6*k. Give x(-5).
3
Let g(b) = b**3 + 5*b**2 - 6*b - 7. Let t be -6*(-5 + 2 + 5)*(-4)/(-8). Calculate g(t).
-7
Let c be (3 - 0 - 0) + 284/71. Let h(y) be the second derivative of -y**4/12 + 5*y**3/6 + 3*y**2/2 - y. Determine h(c).
-11
Let r(j) be the first derivative of -j**4/4 + 5*j**3/3 + j**2 - 5*j - 1442. Calculate r(4).
19
Let p(j) = 5*j**2 - 32*j - 36. Let r(m) = -m**2. Let g(n) = p(n) + 4*r(n). Let b be g(33). Let s(l) = -l**3 - 7*l**2 - l - 4. Determine s(b).
-37
Let h(w) = -w**3 + 16*w**2 + 4*w - 14. Let c = -26454 - -26470. What is h(c)?
50
Let b(w) = -29*w**2 - 49*w - 216. Let u(y) = 9*y**2 + 15*y + 72. Let j(p) = 4*b(p) + 13*u(p). Give j(0).
72
Let u(a) = 9*a**3 + 9*a**2 + 4*a + 13. Let j(f) = 29*f**3 + 28*f**2 + 14*f + 41. Let t(v) = 4*j(v) - 13*u(v). Determine t(-4).
-37
Let s(f) be the first derivative of -f**3/3 - 7*f**2 + 18*f + 477. Calculate s(-13).
31
Let d(i) = i**3 + 7*i**2 + 4*i - 8. Let c be d(-6). Let x(k) = -4*k + 7*k - 8 + c*k - 6*k. Suppose -2*t + 6 + 4 = 0. Determine x(t).
-3
Let z(b) be the third derivative of b**6/40 - b**5/30 + 5*b**3/6 + b**2 - 360*b. Determine z(2).
21
Suppose 4*k + q = -143, 0 = 121*q - 126*q - 35. Let h(r) = -6*r - 209. Calculate h(k).
-5
Let s = -22113 + 22154. Let j(r) = r**3 - 40*r**2 - 39*r - 78. Calculate j(s).
4
Let t(v) = -5*v**2 - 7*v - 9. Suppose -5*x - 4*h = 32 + 1, -5*x - 27 = h. Let d(u) = -6*u**2 - 7*u - 10. Let z(o) = x*t(o) + 4*d(o). What is z(-7)?
5
Let s(h) be the third derivative of -h**6/120 + h**5/15 + h**4/12 - h**3 + h**2 + 19*h. Let k = 15 + -27. Let n be 14/(-3)*k/14. What is s(n)?
2
Suppose 3*f - 5 = 155*x - 160*x, -f + 5*x = 5. Let w(i) = -4*i**2 - 2*i - 3. Determine w(f).
-3
Let d = 1220 - 1213. Let a(y) = y**2 - 15*y + 50. Calculate a(d).
-6
Let x(v) = 2*v**3 + 36*v**2 + 32*v - 39. Let g be (-1284)/76 - -5*26/(-1235). Give x(g).
-5
Suppose -5*s + 2*b - b = -58, 3*s - 34 = b. Let l(p) = -p - 4*p + 4*p + 2*p - 8. Give l(s).
4
Let u(c) = -4*c**2 + c. Let p be u(-1). Let n be p*((-56)/20 - -2). Let k(h) = -h + 15*h**2 - h**3 + 16*h**2 - 27*h**2 - 1. Give k(n).
-5
Suppose 47 = -45*q + 6*q - 148. Let r(f) = f**3 + 5*f**2 - f + 16. What is r(q)?
21
Let w be 161/644 + (-1174)/88 + (-1)/(-11). Let p(g) = g**2 + 15*g - 12. Calculate p(w).
-38
Suppose 0 = s - 7 - 6. Let t(l) = s - l**2 - 234*l + 106*l + 120*l. Determine t(-10).
-7
Let n(s) = -12*s**3 + s - 4. Let k(d) = -73*d**3 - d**2 + 7*d - 13. Let g(w) = k(w) - 6*n(w). Let o = 2 - 2. Give g(o).
11
Let a be (-10)/(-15)*-21 - -15. Let c(u) = -28*u**2 + 1. What is c(a)?
-27
Let m(g) = 5*g + 6. Let y(l) = -7 - l + 12*l - 15*l. Let q(z) = -2*m(z) - 3*y(z). Determine q(-7).
-5
Let m(n) be the second derivative of 7*n**3/6 - 12*n**2 - 23*n - 78. What is m(4)?
4
Let l(j) be the first derivative of -3*j**2 + 31*j - 155. Give l(5).
1
Let n(z) = -7*z**3 + 17*z**2 + 3*z + 7. Let c(s) = -10*s**3 + 25*s**2 + 5*s + 11. Let t(a) = 5*c(a) - 7*n(a). Let y be (-22)/33*(375/(-30) + 2). Determine t(y).
-15
Let l(f) = 18*f + 709479*f**2 - 709481*f**2 + 3*f + f - 30. Give l(14).
-114
Let p(g) = -7*g + 9 + 8*g**2 - 7*g**2 - g. Let k(l) = 4*l**2 - 96*l + 519. Let t be k(16). Determine p(t).
2
Let z(u) = -u**2 + 6*u - 16. Let n(r) = 282*r - 3660. Let y be n(13). Calculate z(y).
-16
Let c(u) be the first derivative of -u**3/3 - 9*u**2/2 + 25*u + 5. Let j = 7877 + -7888. What is c(j)?
3
Suppose 534*v = 311*v + 263*v. Let n(i) be the second derivative of -i**4/12 + i**3/6 + 5*i**2/2 + i. Give n(v).
5
Let j(u) be the second derivative of -u**5/20 + u**4/12 - 14*u**2 + 23*u. Let f = -530 + 530. What is j(f)?
-28
Let p(r) = 112*r**2 - 170*r**2 + 66*r**2 + 17 - 14*r. Give p(4).
89
Let u(i) = 2*i**3 - 3*i**2 - i + 2. Let l be u(2). Suppose -l*n + n + 6 = 0. Let o(w) = w + 4 - 1 + 15 - 3 - 19. Calculate o(n).
-2
Let p(c) be the third derivative of 0 + 2*c**2 + 1/6*c**3 + 0*c + 1/4*c**4. Let n be (-1 + -1)*243/243. Determine p(n).
-11
Let m = 75 - 70. Suppose 8 = 3*z + 2, m*z + 10 = -4*y. Let p(g) = g**3 + 5*g**2 - 2*g - 6. What is p(y)?
4
Let o(q) be the first derivative of -q**3/2 - 4*q**2 - 4*q + 95. Let f(h) be the first derivative of o(h). Calculate f(-10).
22
Let d(n) = -2*n**2 - n - 2. Let z be d(-3). Let y = z + 53. Let t be (-297)/y + (6/8)/3. Let b(r) = r**3 + 7*r**2 - 9*r - 3. Determine b(t).
5
Suppose 115*l = 112*l + 6. Suppose n + 6 = 4*n. Let p(b) = b - b**n - 2 + 4 + 0 + 0. Determine p(l).
0
Let w(q) be the third derivative of q**4/24 + 2*q**3/3 + 2*q**2. Let b be (-24)/(-14)*(-189)/54 + (36 - 42). Determine w(b).
-8
Let v = -3259 - -3260. Let l(s) be the second derivative of s**5/5 + s**4/6 - s**3/3 + s**2/2 - 5*s. Give l(v).
5
Let p be 7/(-14) - 225/2. Let s = -113 - p. Let t(d) = -4*d - 4. Calculate t(s).
-4
Let w(n) = n - 3. Suppose 7 = -5*l - 3*v - 18, 0 = -2*l - v - 9. Let q(i) = 2*i - 6. Let m(a) = l*q(a) + 5*w(a). Give m(-2).
-5
Let b = -106 + 105. Let y(l) = 9*l**3 - l**2 - 3*l - 1. Let i(n) = -15*n - n**3 + 28*n - 12*n - n**2. Let u(c) = i(c) + y(c). Determine u(b).
-9
Let x(f) be the first derivative of -18 + 1/2*f**2 + f. What is x(-1)?
0
Let u(c) = -177 + 294264*c - 294147*c - 56. What is u(2)?
1
Suppose -3*k - 5*v + 2 = 0, 21*k + 4*v - 4 = 18*k. Let i(p) = 3*p**2 - 3*p - 2. Determine i(k).
34
Let o(z) = -z**2 - 8*z + 11. Let v(g) = g**3 - 7*g**2 + 8*g - 21. Let d be ((-10)/15)/((-2)/45). Let n = -9 + d. Let f be v(n). Give o(f).
2
Let k(h) = h**3 - 40*h**2 - 33*h - 324. Let a be k(41). Let p(y) = 4*y - 1. Calculate p(a).
15
Let f = -1042 - -1049. Let x(s) = -2*s**2 + 15*s - 27. Let q(d) = -d**2 + 7*d - 14. Let w(z) = 7*q(z) - 4*x(z). What is w(f)?
-18
Let v(h) = 89*h - 1154. Let c be v(13). Let b(l) = -8*l + 18. What is b(c)?
-6
Let c(b) = -b**3 + 3*b**2 + b. Let j be c(3). Suppose 2*h + 4 = j*h. Let o(y) be the first derivative of -y**2/2 + 3*y + 776. Calculate o(h).
-1
Let a be 99 - (-1 + -7)*-1. Let y(r) = -r - 5*r - 87 + 7*r + a. Calculate y(-2).
2
Let z(x) = x**3 + 7*x**2 - 10*x - 8. Let l(c) = -c**3 + 10*c**2 - 8*c + 16. Let w be l(8). Let v be (2/4)/((-5)/w*1). Determine z(v).
8
Suppose -5*x + 7*v - 44 = 3*v, -x + 8 = -5*v. Let t(n) = -n**2 - 15*n - 53. Determine t(x).
-17
Let w(s) = 43*s - 63. Let r(z) = 5*z - 8. Let m(y) = -51*r(y) + 6*w(y). Let j be m(-10). Let t(g) = -2*g**3 - g + 1. Give t(j).
1
Suppose 19*p + 8891 = 8967. Let q(d) = d - 11. What is q(p)?
-7
Let p(a) = -181 - 173 - 8*a - 173 + 528. Let f(k) = -12*k + 2. Let g(w) = 5*f(w) - 8*p(w). What is g(-6)?
-22
Let d(c) = 18*c - c**3 - 1126127 + 4*c**3 + 1126146 + 18*c**2 - c**3. What is d(-8)?
3
Let a = 19 - 19. Let p = 6 - 2. Let x(d) = -d + 1 + 4*d - p*d + a. Give x(6).
-5
Let h(a) = a**2 - 9*a + 4. Let m(x) = -x**3 - 2*x**2 + 28*x - 8. Let g(z) = -3*h(z) - m(z). Let q = 3 - 3. Calculate g(q).
-4
Let p(j) = 5215 + 4*j**2 - 10420 + 5264 - 3*j**2 + 18*j. Determine p(-6).
-13
Let h(u) be the first derivative of u + u**2 - 109 + 2/3*u**3. Let d = -1 - 0. Give h(d).
1
Let g(w) = -w**3 + w**2 - 2*w - 2. Let k = 1909 - 1905. What is g(k)?
-58
Let p(i) be the third derivative of 0 - 50*i**2 - 8/3*i**3 + 1/12*i**4 - 2*i. Give p(7).
-2
Let i(s) = 16*s + 20. Let y(t) = 6*t + 7. Let p(o) = 4*i(o) - 11*y(o). Let m be (-12)/(-16)*-2*-2. Suppose -5 - 4 = -m*u. What is p(u)?
-3
Let z(f) = -6*f**2 + 5*f**2 - 13889*f + 13881*f + 7. Calculate z(6).
-77
Let a = -781 + 782. Let y(p) = -2 - 107*p + 108*p + 6 - a - p**2. Let u be 4/2 - (1 + 4). Give y(u).
-9
Let o(r) = 24*r - 55. Let v(i) = 8*i - 22. Let m(n) = 3*o(n) - 8*v(n). Determine m(-2).
-5
Let x(t) = t**3 - 6*t**2 - 7*t + 14. Let g be (23/(-46))/((-7)/(-6)*(-12)/168). Calculate x(g).
-28
Let i(j) = 21*j + 85. Suppose -288*s + u = -285*s + 8, 16 = -3*s - u. Calculate i(s).
1
Let g be (-5)/3*4011/955. Let b(p) = -p**2 - p. Let w(i) = -5*i**2 - 13*i - 1. Let o = -7 + 11. Let k(q) = o*b(q) - w(q). Calculate k(g).
-13
Let v(y) be the first derivative of -y**6/120 - y**5/10 - y**4/12 